14
28
Calculate 20 - (8 - 0) - (9 - -7) - -52.
48
Evaluate -1 + -6 + -1 - (-61 - (-486 - -434)).
1
Evaluate (4 - (2 + 5)) + (-965 - -1025).
57
What is the value of -497 + 536 - (-9 - -3)?
45
(40 - 76) + -28 + 5 + 1 + 1 + -4
-61
Calculate (-38 - -134) + -81 + (-1 - 82).
-68
What is (20 - 42) + 5 + 19 + 10?
12
Evaluate -35 - (1 - -10) - (-163 + -11).
128
What is the value of -23 + 8 + -10 + 14 + -13?
-24
Evaluate 39 + (-18 - 0) + 8 - 14.
15
What is the value of -6 - (-8 - ((-4 - 1) + (-24 - -6)))?
-21
What is 81 - 33 - 63 - (-1 - 26) - 34?
-22
What is (-1 - -27) + (4 - -18) + -3?
45
(5 + -27 + 6 - -2 - -13) + 88
87
What is the value of 0 + 46 + (-611 - -560)?
-5
What is the value of (-34 + 134 - 45) + -49?
6
What is the value of -10 + (24 - (40 + -28 - 9))?
11
Calculate 18 + 2 + 25 + -259 + 247.
33
What is 46 + 33 + 43 + 2?
124
Evaluate 2936 + -2846 + -1 + 1 + 1 - (4 + 3).
84
Calculate -36 - (-1 + -4) - (-3 + 9 + 2 - 17).
-22
28 - 41 - (-38 + (-6 - -2 - -3))
26
What is the value of (-13 - ((-6 - 26) + 19)) + -2 + -2 + 64?
60
Evaluate 408 + -386 + 4 + -2.
24
What is (73 - (-12 + 135)) + (-2 - (4 - 2 - 3))?
-51
Evaluate 4 - (0 - 0) - (-40 - (83 + 18) - -38).
107
Evaluate 1 + 1 + 5 + 1 - (84 + -18 + 15).
-73
4 + 11 + -83 + 71
3
(2 - -123 - 107) + -22 + 2
-2
What is -1 + -91 + -1583 + 1648?
-27
(-110 - -47) + -63 + -5 + (-13 - -9)
-135
Calculate 31 + -1 + (373 - 394) + 16 + 0.
25
Evaluate (7 + -81 + -1 - 21) + 7 + -2.
-91
Calculate 24 + (64 - (199 + -51)).
-60
Evaluate -2 + -4 - (1 - -3) - (22 - -9).
-41
45 - (5 + -30 + 38 + -10)
42
What is the value of 26 - (5 + 5 + (-8 - -24)) - (2 - 5)?
3
What is the value of (98 + -49 - 40 - (-2 + 84)) + 2?
-71
Calculate (-1 - 1 - -52) + 750 + -731 - -1.
70
Calculate (27 - (-1 + -7 - -16)) + -3 + 62.
78
What is -23 - (-20 - (-14 + 1)) - (-5 - -8)?
-19
What is 1125 + -1151 + (8 + -4 - (-2 + 0))?
-20
What is 60 + (92 - 117) - -56?
91
Calculate -81 - (-2 - (2 - -1) - (-33 + 72 + -37)).
-74
Evaluate -2 + 2 + 59 + (-48 - (-3 - 16)).
30
(2 - ((13 - (-11 - -25)) + -4)) + -16
-9
Evaluate 31 + 0 + 1465 + -1514.
-18
What is the value of -52 - (45 + -35 + -46)?
-16
What is the value of (-1 - 25 - -40) + -9 + 10?
15
Calculate -20 - (-15 - (-32 - -10) - -15).
-42
What is the value of 108 + -13 + -9 - (0 + 1 - (27 - 37))?
75
3 - (-32 - -42 - (-1 + -3) - 84)
73
Calculate ((4 - -10) + -49 - -40) + 90.
95
Evaluate 66 + -101 + 111 + (-2 - 23).
51
What is the value of (-28 - -12 - -21) + -2 + -1 + (-4 - 36)?
-38
Evaluate (4564 - 4532) + (-55 - 0) - (26 + 1).
-50
What is the value of (14 - 23 - -1) + (-3 + (-1 - 3) - 29)?
-44
Calculate (-35 - -17 - 61) + 80.
1
255 - (12 + 174 + -49)
118
What is -13 - (15 + 8 + -5 + -77 + -17)?
63
What is the value of 52 - (34 - (16 - 64))?
-30
What is -47 + 86 + -16 + -18 + (-1 + 2 - 40)?
-34
What is the value of -6 - -2 - -84 - (12 + -16 + (1 - 6))?
89
114 - 109 - (13 + -5 + 3)
-6
(96 - 50) + -2 - (-1 + -5)
50
2 - (30 - (-87 + 40 - -44))
-31
(3 - 0) + (38 - (0 + 9 + -8))
40
What is the value of 2 + 27 - (5 + 128 + -88)?
-16
What is the value of 1 + -43 - (320 + 166 + -452)?
-76
Calculate -56 + (-2 - (6 + -23)) + -8 - (32 - 44).
-37
(-1 - (3 + -2 + -4)) + 8 - (-35 - 4)
49
What is 1 + -30 - (-12 - -6) - -23?
0
What is (21 - (21 + 17)) + -1?
-18
Calculate 25 - -1 - (132 + -110) - (-2 - -130).
-124
What is the value of 3 - ((-28 - -53) + -9) - -91?
78
Evaluate 3 - ((1 - -1 - -7) + (1 - 11) + 41).
-37
Evaluate (40 + 10 - 40) + -55.
-45
Calculate 35 + -50 + (1 - -3) - (-56 - 0).
45
Evaluate 3 - (-63 + 38) - (2 - (2 - 0)) - -9.
37
What is 7 + -3 + -14 + (9 - -46)?
45
What is the value of (-3 + 9 - (7 - (22 - 12))) + (2 - 1)?
10
Calculate (-3 - 39 - -1 - -3) + (63 - (-11 + 71)).
-35
What is -6 - ((-11 - 0) + 0 + (185 - (-83 - -250)))?
-13
Evaluate -2 + 5 + (11 - -71 - (7 + -8)).
86
Calculate -6 - (-25 - -69) - (0 - (-6 + 4)).
-52
Evaluate -1 - -14 - 27 - (51 + -49).
-16
What is 22 - (16 - (17 + -23 + 9))?
9
What is the value of (-6 + (-1 - 0) - -5) + -84 - (8 + -1)?
-93
What is 9 + (4 - 2) + 2 + (-10 - -11)?
14
-27 + (-117 + 94 - (-81 + 11))
20
What is (-3 - -3) + 13 + (-4 - -7 - 3) - -80?
93
Calculate -64 + 96 + -57 - (-31 - 1).
7
What is (-2 - 13) + (-23 - (-2 + -12))?
-24
Evaluate 2 + -1 + -30 + (-41 - -161).
91
(-17 - 2) + (-41 - -32) - -56
28
Calculate 25 + (1 - (-2 - -15)) + -9.
4
(-2 - 1) + 5 + 1 + (-941 - -838)
-100
What is 6 + -6 - (45 - (43 - -5))?
3
Calculate 7 + 0 - (21 + (19 - 11) + 20).
-42
What is 3 - 1 - (-33 - ((-2 - -2) + (-26 - -12)))?
21
What is the value of -18 + (-35 - -33) + 6?
-14
(-15 - (3 + -12)) + (-8 - -1) - -25
12
What is (35 - (32 + 124)) + (20 - -2)?
-99
Evaluate -47 - (-238 + 88 + 57).
46
What is 1 + 19 + 6 - (20 + -7 + -4)?
17
What is 22 + (-72 - -132) - 33?
49
18 - (-2 + (1 - 4) + (15 - -28 - 27))
7
Evaluate 2 + 62 + -48 + (-140 - -221).
97
(41 - 15) + (16 - (-68 - 14))
124
What is the value of (13256 - 13245) + (-1 - (0 - -1))?
9
Evaluate 46 + (-11 - 18) + 67 + (3 - -17).
104
Evaluate 21 - (-14 - (-94 - -13)) - -11.
-35
-13 + -1 + (278 - 76 - 108)
80
What is 0 + -22 - (77 - 57 - 27)?
-15
What is the value of (0 + 5 - 6 - -3) + -5 + (2 - -32)?
31
15 + -27 + 0 - ((135 - 69) + (2 - -1))
-81
What is the value of 11 + -7 + -1 - (55 - 22)?
-30
What is (1090 - 1058) + (1 - (1 - -1)) + 1?
32
What is the value of 20 + 1 + (-12 - 6 - (-12 - 18))?
33
What is the value of -95 + 91 + (10 - (-1 - -10)) + -4?
-7
-99 + 118 + 29 + -60
-12
Calculate 31 - (-21 + -8 + 20 + 14).
26
What is the value of -59 + (74 - 70) + -10?
-65
Calculate 7 - (34 - (7 + 7 + 9)).
-4
What is (-15 - -8) + 2 + (-5 - 0) - -17?
7
What is 0 - (-7 + (1 - 1) + (-63 + -28 - -88))?
10
Calculate -13 + -4 + 31 + -22 + -3.
-11
Evaluate -15 - (2 + -70 - (-126 + 115)).
42
What is 72 + -13 - (66 - -38)?
-45
What is the value of 22 + -30 + -33 + 39?
-2
Evaluate (-12 - (0 + 13 + -31)) + 87 - -1.
94
Calculate -164 + 194 - (70 + 5).
-45
Evaluate -5 + ((11 - 1) + 1 - ((76 - -14) + -83)).
-1
Evaluate 7 - -4 - 16 - (-77 - -32).
40
What is the value of 16 - (30 + 2 + -20 + 18)?
-14
(48 - (34 + -3)) + 2
19
106 + (-186 - -64) + (0 - -72)
56
Calculate 53 + (-54 - (42 + -46)).
3
Evaluate -4 + ((14 + -6 - 26) + 78 - (0 + 12)).
44
Evaluate 50 + (-107 - -20) - 19.
-56
What is the value of -12 + 13 + (-15 - -5 - -99)?
90
Evaluate -2 + -9 - (251 - 268) - (31 - 0).
-25
What is 41 - (36 + -4) - 58?
-49
What is the value of -7 + (-21 - -37) + -38?
-29
What is 21 + -12 + 12 + -69 + 77 + 0 + -3?
26
Calculate 108 + -81 - (17 + 0 - -6).
4
Evaluate -1437 + 1361 + 0 + 41.
-35
What is the value of 0 + 14 + -74 + (33 - -21)?
-6
45 + (-22 - (23 + -18)) + 18
36
Calculate 18 - 1 - (271 - 250) - 22.
-26
Calculate 24 + (-16 - 5 - 108) - (-2 - 10 - 1).
-92
71 + (7 - 4) + 47 + -115 + 58
64
Evaluate (-173 - -349) + -171 + (1 - (0 + -50)).
56
Calculate 24 - (50 + (-19 - 21)).
14
4 + (-6 - -11) - 50 - (-6 + -5)
-30
6 + 2 + (-2 - -4) - ((18 - -32) + -49)
9
-12 + (3 - (-12 + (-1 - -11))) + 10
3
What is the value of -49 + 47 - -91 - 104?
-15
What is the value of (-13 - (-17 + 32 - 13)) + 3?
-12
What is the value of (-9 - -1) + (0 - (49 + -95) - (0 - 13))?
51
Evaluate (86 - 30 - 19) + (1 - (0 + 8)) + 1.
31
Evaluate 50 + -8 + (10 + -8 - -2) + -8 + 3.
41
Calculate 11 + -4 + -28 + -69 - (19 + (-6 - 1)).
-102
Evaluate 9 + -1 + (113 - 158) + 92.
55
Evaluate (-20 + 11 - -7 - 9) + 10 - -15.
14
110 + -258 - -84 - -129
65
What is the value of -25 - -19 - -9 - -5 - -11?
19
What is the value of -17 + 10 + -28 + 23 + (2 - 8 - 53)?
-71
Evaluate 17 - (27 - 14) - -47.
51
What is (4 - 3) + -7 - (-33 + (68 - 88))?
47
Calculate 21 + 0 + -21 + 11.
11
Evaluate -69 + 88 + 10 + -72.
-43
Evaluate (35 - -5 - 29) + -60.
-49
What is (1 - 3 - -45) + (-15 - (27 - 22 - 16))?
39
Calculate 3 - (2 + 0 + -1) - (1 - (27 - 38)).
-10
Calculate (14 - -16 - 10) + -19 - (-16 + 109).
-92
Evaluate (226 - 116 - 29) + 32.
113
30 + (-117 - (-80 - -28))
-35
Calculate -32 + 3 + (-6 + -102 - -213).
76
What is the value of -7 + (0 - -3 - (147 + -139)) + 9?
-3
What is the value of 48 + (-12 - 61 - -100)?
75
What is the value of 18 + (59 - 16 - (12 + -7 + -7))?
63
Calculate 10 - (92 + -7 + 20 + 0 + 13 + -14).
-94
What is the value of -15 + (11 - (-11 - ((-32 - -3) + (-25 - -28))))?
-19
(-11 - 1) + 189 + -337 +